-5*1 - (-5510 - -380)?
5, 41
Suppose -2*k = 0, 4*h - 5*k = 7*h - 37488. What are the prime factors of h?
2, 11, 71
Let v = 10916 - 1268. What are the prime factors of v?
2, 3, 67
Suppose 3*m + 3*l = -1626, 3*l - 226 - 863 = 2*m. Let c = -214 - m. List the prime factors of c.
7, 47
Suppose -44*j = 41*j - 78*j - 23156. What are the prime factors of j?
2, 827
Suppose 858 = 4*a + 5*l, 5*a + 0*l - 1081 = -2*l. Let y be ((1862/4)/(-7))/((-1)/(-2)). Let h = y + a. What are the prime factors of h?
2, 3, 7
Let o = 277 + -736. Let q = -346 - o. What are the prime factors of q?
113
Suppose -3*w - 203*v + 4478 = -204*v, 4*w - 5968 = 2*v. What are the prime factors of w?
2, 3, 83
Suppose -5*s + 3*z + 1114 + 77 = 0, 5*s - 1185 = 5*z. Suppose -248*n + 9976 = -s*n. What are the prime factors of n?
29, 43
Let q(r) = -10814*r - 377. List the prime factors of q(-4).
3, 14293
Suppose 0 = 4*p - s + 2*s - 4, -2*p = -s - 8. Let m be -1 + (1 - p) - (-355)/5. Suppose 0 = -k + 29 + m. What are the prime factors of k?
2, 7
Let w(v) = v**3 - 15*v**2 + 19*v - 14. Let h be w(14). Let n = -53 + h. Suppose -b + 226 = n*j - 285, 4*j + 2*b = 682. What are the prime factors of j?
2, 5, 17
Suppose 226 = 3*q + 289. Let y be (-4)/14 + (-1)/(q/(-5979)). List the prime factors of (2/5)/((-3)/y).
2, 19
Suppose -89854 = -10*l - 10034. What are the prime factors of l?
2, 13, 307
Let r = -11 - -14. List the prime factors of 6/(r/598*2).
2, 13, 23
Suppose 0 = 5*t - 106706 + 29621. List the prime factors of t.
3, 571
Let r(h) = -18*h - 94. Let p be r(-4). Let a(c) = -2*c**3 - 44*c**2 - 12*c - 54. List the prime factors of a(p).
2, 3, 5, 7
Suppose 26*j - 88 = 16. Suppose -2*v = 5*y - 8*y + 797, 2*v + 1060 = j*y. What are the prime factors of y?
263
Let j be (-20)/(-8) + 21/(-14). List the prime factors of (567 - -76) + (-8)/(2/j).
3, 71
Suppose -5*c + 379 = -506. Suppose 2*r = 2*m - 6*m + 390, -2*m + c = -5*r. Suppose 173 = 2*d + x, -5*d + x = m - 539. What are the prime factors of d?
2, 11
Suppose -2*k - 495 = -3*k. Suppose -k = -4*o + 229. Suppose 0 = -i - 37 + o. List the prime factors of i.
2, 3
Let c(l) be the second derivative of l**3/2 - 17*l**2/2 - 18*l. Let k be c(10). Let x(i) = 5*i**2 - 43*i - 15. What are the prime factors of x(k)?
271
Suppose w = -u + 1 + 2, 5*w = 3*u + 15. Suppose -11*p = -w*p - 24. Suppose p*c - 216 = -c. List the prime factors of c.
2, 3
Let m be 3420/(-35) + (-10)/35. List the prime factors of (-3)/21 + (-34314)/m.
2, 5, 7
Let n(y) = 97*y - 154. Let x = -458 + 469. What are the prime factors of n(x)?
11, 83
Let g = -1935 - -5919. Suppose g = 12*m + 396. List the prime factors of m.
13, 23
Suppose -524 = -3*j + 4*u + 28, -2*j - 2*u + 368 = 0. What are the prime factors of (66 - 64)*(j + 1)?
2, 5, 37
Suppose 4*p - 4*i = 66204, -3*i + 96 - 114 = 0. What are the prime factors of p?
3, 5, 1103
Suppose 60 = 23*x - 17*x. Let p be 25*5/(-10)*(-152)/x. Suppose -p = -2*q - 88. What are the prime factors of q?
3, 17
Let v be 0*((-3)/(-2))/(6/4). Suppose v = -17*o + 2*o + 7125. List the prime factors of o.
5, 19
Suppose 4*t - 1513 = -4977. Let r = 1493 + t. What are the prime factors of r?
3, 11, 19
List the prime factors of 2/20 - (-13098353)/1570.
3, 103
Let h = 176 + -603. List the prime factors of (-38674)/h*((-9)/(-2) - 1).
317
Let w be (-3)/(9/(-1824)) + 6. Let n = w + 548. What are the prime factors of n?
2, 7, 83
Let c(x) = -x**2 - 6*x - 3. Let g be c(-4). Suppose 0 = 3*s - 5*s - 3*m + 252, -5*m + 640 = g*s. Let u = 186 - s. List the prime factors of u.
2, 3
Suppose -2*v = 4*m - 27672, -3*m + 41484 = 4*v - 13845. List the prime factors of v.
2, 3, 5, 461
Let v = -6 + 12. Suppose -38*z - 75 = -63*z. Suppose z*j = -3*b + 288, v*b + 210 = 2*j + 2*b. What are the prime factors of j?
3, 11
Let q be 479/7 + (-1)/(-7)*-3. Let j be -10*(1 - (q - -5)). Suppose -12*z + j = -3*z. List the prime factors of z.
2, 5
Suppose 240 = 16*c - 8*c. List the prime factors of (-35)/2*-153*4/c.
3, 7, 17
Suppose 0 = -28*o - 4698 + 211030. What are the prime factors of o?
7369
Suppose 0 = 4*g - 344 + 76. Suppose -2*i - 108 = 5*c, -c + g = -4*c + i. Let p(s) = -4*s + 1. What are the prime factors of p(c)?
89
Let t = -133 + -347. Let o = -323 - t. List the prime factors of o.
157
Let z(v) = v + 10*v - v - 40 - 3*v. Let s be z(7). Suppose 95 = s*b - 8*b. List the prime factors of b.
5, 19
Let g = 150881 - 82117. List the prime factors of g.
2, 17191
Let o(a) = a**2 + 2*a - 1 - 3 + 0*a**2 - 12. Let q = -28 + 39. What are the prime factors of o(q)?
127
Let g = 284 + 6041. List the prime factors of g.
5, 11, 23
Suppose -l + 0*l + 7 = 0. Suppose 4 = -j + l. Suppose 4*w - 4 = -2*n - 0, 3*n = -5*w + j. What are the prime factors of w?
3
Let d be (8/12)/((-2)/9) + 4. Let w be (5 - 3 - d)*0. Suppose -o = 4*u + 2*o - 309, 4*o + 4 = w. List the prime factors of u.
2, 3, 13
Let x be -52 - (-1)/((-7)/(-42)). List the prime factors of -60*(x/5 + 0).
2, 3, 23
Suppose 0 = 4*r + 5*v - 4, -2*r - 9*v = -12*v - 2. Let q be 7/(-4) + (-6)/(-8)*r. List the prime factors of 2/(q*2) + (35 - -78).
2, 7
Suppose 2*j + a - 11 = 50, 79 = 3*j + 4*a. List the prime factors of 4334/j*12/8.
197
Suppose 2*n - 6937 - 9199 = 3*j, 5*j + 32274 = 4*n. List the prime factors of n.
7, 1153
Let z be (-2)/4 - (-525)/(-30). Let i(c) = c**2 + 10*c + 37. List the prime factors of i(z).
181
Let d(j) = j**3 - 18*j**2 + 16*j + 3. Let l be d(17). Let k be (-9 + 0)/(l + 11). Suppose 5*g + k + 2 = 0, -3*i + 442 = 2*g. What are the prime factors of i?
2, 37
Let m be 4/14 + (-17776)/(-28)*9. Suppose -14*a = -m - 600. What are the prime factors of a?
11, 41
Suppose 5*y - 4*y + 4*x = 594, x = 3*y - 1847. Let v = -41 + y. List the prime factors of v.
3, 191
Let n(u) = -10*u - 26. Let w(g) = 25*g + 52. Let o(a) = -9*n(a) - 4*w(a). Suppose -5*i = 2*v + 47, -73 = 4*v + 5*i - 2*i. What are the prime factors of o(v)?
2, 3, 31
Suppose 3*c + 11*d = 9*d + 58, -2*c - 5*d + 35 = 0. List the prime factors of ((-20)/(-2))/c*4138.
2069
Let z(u) be the third derivative of u**6/120 + u**5/30 - 3*u**4/4 - 3*u**3/2 - 23*u**2. Let i be z(-5). Suppose 885 = i*f - 93. What are the prime factors of f?
163
Suppose -3*y - 36305 = 5*w - 103128, -44536 = -2*y + 3*w. List the prime factors of y.
22271
Suppose 6*n - 2*n - 38157 = -3*v, 5*n = -3*v + 47697. Suppose -6*f = -16*f + n. Suppose 11*s - 2659 = -f. List the prime factors of s.
5, 31
Let t(u) = -u**2 + 2*u + 66. Let w be t(-7). Let j(s) = 33*s**2 - 6*s - 1. What are the prime factors of j(w)?
2, 139
Let b(j) be the second derivative of -37/2*j**2 - 7/6*j**3 + 0 + 23*j. List the prime factors of b(-17).
2, 41
Let v(g) = 13*g**2 - 310*g + 72. What are the prime factors of v(60)?
2, 3, 19, 31
Let u be (1 - (-403)/4) + (-25)/(-100). Suppose -8*s + u = -114. Suppose 0 = 2*r - 157 + s. List the prime factors of r.
5, 13
Suppose -3*l + 4*t - 8 = 5, 0 = -l - 2*t - 11. Let b(q) = q - 2*q**2 - q**3 - 3 - 8*q - 5*q**2. List the prime factors of b(l).
2, 23
Let c(b) = b**3 - 19*b**2 - 2*b + 42. Let o be c(19). Let i(z) = z**2 - 7*z + 7. Let d be i(5). List the prime factors of (1 + d)/(o/(-64)).
2
Let o(p) = 568*p**2 + 35*p + 96. What are the prime factors of o(-5)?
3, 523
Let t = 1322 - 573. Suppose 0*h - 7*h = -t. Suppose 19*s - 18*s - h = 0. List the prime factors of s.
107
Suppose -4090 = 5*n - 5*i, -i - 2470 = 5*n - 2*n. Let r = n - -1236. List the prime factors of r.
2, 3, 23
Suppose -5*n = 0, -3*q - 9 + 27 = -3*n. Let w = 235 - q. List the prime factors of w.
229
Suppose 329 = 4*c + 8*f - 5*f, 0 = c + 3*f - 71. Suppose 84*u - 4*n = c*u - 8, -3*n = 3*u - 27. List the prime factors of u.
2, 7
Suppose 0 = 2*n - 221 - 413. Suppose d - n = -3*y, 4*d + y - 1332 = 5*y. List the prime factors of d.
7, 47
Suppose 0*o = 2*o - 86. Let n = o + 37. What are the prime factors of n?
2, 5
Suppose 43*t + 1250440 - 190852 = 151*t. List the prime factors of t.
9811
What are the prime factors of (-17461)/(-19) + (0 - -10)?
929
Let o = 47213 + -22243. List the prime factors of o.
2, 5, 11, 227
Suppose 5*m - 35 = 5*a, 5*m = a + 23 - 8. What are the prime factors of 9072/27 + -7 + 0 + m?
331
What are the prime factors of (-28 + 2 - -28) + 24794/1?
2, 6199
List the prime factors of ((-1244)/(-8))/((2/(-2))/(-74)).
37, 311
Let n(t) = -1 +